997
Calculate the highest common divisor of 6435056 and 9248.
16
Calculate the highest common factor of 270 and 334570890.
30
Calculate the highest common divisor of 60 and 21232470.
30
Calculate the highest common divisor of 50535717 and 32610.
3261
What is the highest common factor of 2718 and 460134?
18
Calculate the highest common factor of 108 and 183152988.
108
Calculate the greatest common divisor of 1809 and 23570064.
603
What is the greatest common factor of 19236247 and 699?
233
Calculate the greatest common divisor of 1009 and 41380099.
1009
What is the highest common divisor of 15870347 and 1234459?
8881
What is the highest common divisor of 4774 and 322462?
434
What is the greatest common factor of 27770 and 581250?
10
Calculate the highest common divisor of 42045416 and 1788.
596
Calculate the highest common factor of 9419512 and 322.
46
Calculate the greatest common factor of 265811 and 362089.
2093
Calculate the highest common divisor of 183109 and 5227633.
2579
What is the greatest common factor of 2640078 and 112?
14
What is the highest common divisor of 1652 and 6357368?
236
Calculate the greatest common factor of 219584 and 101614.
94
What is the greatest common divisor of 21534624 and 2898?
414
What is the highest common divisor of 3 and 17288853?
3
Calculate the highest common factor of 21 and 143135.
1
What is the greatest common factor of 3532 and 47953964?
3532
Calculate the greatest common factor of 1267 and 105788708.
181
Calculate the highest common divisor of 15 and 41971245.
15
Calculate the highest common divisor of 350 and 53508.
14
What is the greatest common factor of 74 and 14220691?
37
What is the greatest common factor of 11241300 and 12?
12
What is the highest common factor of 16317063 and 63?
63
Calculate the greatest common factor of 46116 and 22977.
27
Calculate the greatest common factor of 88 and 1515296.
8
What is the greatest common factor of 492 and 15422844?
12
Calculate the highest common factor of 104 and 118768975.
13
What is the highest common factor of 1632 and 159018?
102
Calculate the greatest common divisor of 610536 and 24.
24
Calculate the highest common divisor of 1695681 and 351.
351
What is the highest common factor of 6 and 2839551?
3
What is the highest common factor of 825 and 237865?
5
What is the greatest common divisor of 118 and 44967853?
59
Calculate the greatest common divisor of 167712 and 3169058.
3494
Calculate the highest common factor of 43569 and 21284091.
423
What is the greatest common factor of 80 and 435295?
5
What is the highest common divisor of 10876 and 1088?
4
Calculate the highest common divisor of 1431 and 75953187.
1431
Calculate the highest common divisor of 50431300 and 1200.
100
What is the highest common factor of 22374279 and 117?
9
What is the greatest common factor of 10 and 136292250?
10
Calculate the highest common divisor of 1282010 and 290.
10
Calculate the greatest common divisor of 13030732 and 6318.
26
Calculate the greatest common factor of 45042739 and 14.
7
What is the greatest common factor of 23 and 23188761?
23
What is the highest common divisor of 2346 and 134310846?
2346
What is the highest common factor of 12579 and 15162?
21
What is the highest common factor of 13935618 and 486?
54
What is the greatest common factor of 17316 and 1358019?
117
What is the highest common factor of 8638883 and 11?
11
Calculate the greatest common divisor of 1117 and 75141707.
1117
What is the highest common factor of 79584555 and 2320?
145
What is the highest common factor of 737 and 146940179?
67
Calculate the greatest common factor of 1242 and 383226.
138
Calculate the highest common factor of 145012710 and 2202.
2202
What is the highest common divisor of 270 and 38905320?
30
What is the greatest common divisor of 61452 and 3984?
12
What is the greatest common divisor of 234746478 and 3076?
1538
Calculate the highest common factor of 1009009 and 325937.
821
Calculate the greatest common factor of 1589914352 and 848.
848
Calculate the greatest common divisor of 21097640 and 130.
10
Calculate the highest common divisor of 1328 and 191787602.
166
What is the highest common divisor of 73428 and 3406384?
844
What is the highest common divisor of 2011608 and 10842?
834
What is the greatest common factor of 519 and 7472908?
173
What is the highest common divisor of 2558301 and 3501397?
1531
What is the highest common divisor of 2897743 and 4210?
421
What is the highest common divisor of 2285199 and 25252?
107
What is the highest common divisor of 88 and 26564296?
88
What is the highest common divisor of 3270912 and 924?
12
Calculate the greatest common factor of 61006 and 3135968.
1298
Calculate the greatest common factor of 91627245 and 90.
45
Calculate the highest common factor of 611 and 28677896.
611
Calculate the greatest common factor of 888 and 2886.
222
What is the highest common factor of 616088 and 23716?
44
What is the highest common divisor of 78460354 and 70?
14
Calculate the greatest common factor of 414 and 901462.
46
What is the greatest common divisor of 477697038 and 83?
83
What is the greatest common factor of 2241 and 1475823?
249
What is the highest common divisor of 2048 and 150181632?
256
Calculate the greatest common divisor of 84 and 2402547.
21
Calculate the greatest common divisor of 1269481 and 961.
961
What is the greatest common divisor of 272346 and 16530?
114
What is the greatest common factor of 1485145 and 634?
317
What is the highest common factor of 11856 and 642447?
741
What is the greatest common divisor of 143431855 and 105?
35
What is the greatest common divisor of 135 and 4067640?
45
What is the greatest common factor of 30708240 and 6?
6
What is the highest common divisor of 7873 and 4285588820?
7873
What is the highest common factor of 1546 and 698775767?
773
What is the greatest common factor of 118664 and 13832?
728
What is the greatest common factor of 1962410 and 127510?
3110
What is the greatest common factor of 46592 and 20286?
14
What is the greatest common divisor of 11644 and 58446064?
284
What is the highest common divisor of 1863 and 2023755165?
621
What is the greatest common divisor of 149020 and 383420?
20
Calculate the highest common divisor of 4 and 43169956.
4
What is the highest common factor of 17209727 and 69?
23
What is the highest common divisor of 595 and 47462555?
595
What is the greatest common divisor of 480 and 28264160?
160
Calculate the greatest common divisor of 302 and 1373747566.
302
What is the highest common divisor of 54432 and 193872?
336
What is the greatest common factor of 8745 and 421803415?
2915
Calculate the highest common divisor of 564025 and 75.
25
Calculate the greatest common factor of 14 and 2062758.
2
Calculate the highest common divisor of 2004015 and 65.
65
What is the greatest common factor of 270 and 112586970?
30
What is the highest common factor of 603126 and 1533?
219
Calculate the greatest common divisor of 6398910 and 720.
90
What is the greatest common factor of 66916074 and 1068?
534
Calculate the highest common divisor of 98 and 3442068.
14
What is the greatest common divisor of 27723 and 30541505?
9241
Calculate the highest common divisor of 82 and 675104893.
41
What is the highest common factor of 7052 and 36865620?
172
Calculate the highest common divisor of 1305323283 and 66.
33
What is the highest common divisor of 20059 and 23933?
13
Calculate the greatest common divisor of 3757 and 617.
1
What is the highest common factor of 2402 and 1031361152?
2402
What is the greatest common factor of 2356964 and 46?
2
Calculate the greatest common factor of 211732 and 167036852.
4924
Calculate the greatest common factor of 125 and 16769125.
125
Calculate the greatest common factor of 223740927 and 102.
51
What is the greatest common factor of 90 and 51830280?
90
Calculate the highest common factor of 3765 and 291345.
15
Calculate the greatest common divisor of 19760974 and 1712.
214
Calculate the highest common divisor of 3388 and 43223257.
847
Calculate the greatest common divisor of 2750 and 27704875.
1375
What is the greatest common divisor of 7443768 and 21789?
807
What is the highest common divisor of 18 and 390093417?
9
What is the highest common diviso